ons digit of 69844308?
9
What is the ten thousands digit of 1137890910?
9
What is the tens digit of 77835498?
9
What is the units digit of 73133752?
2
What is the thousands digit of 892153514?
3
What is the hundred millions digit of 870218056?
8
What is the hundred millions digit of 3683077479?
6
What is the hundred thousands digit of 1591675813?
6
What is the millions digit of 816016076?
6
What is the hundreds digit of 42231695?
6
What is the ten thousands digit of 43368523?
6
What is the tens digit of 401859429?
2
What is the ten thousands digit of 1070237113?
3
What is the ten thousands digit of 40077149?
7
What is the millions digit of 168097901?
8
What is the millions digit of 118698096?
8
What is the hundred thousands digit of 88477448?
4
What is the hundreds digit of 258918702?
7
What is the tens digit of 1606606915?
1
What is the units digit of 206638416?
6
What is the tens digit of 816760900?
0
What is the thousands digit of 11804435?
4
What is the hundreds digit of 2721038099?
0
What is the hundreds digit of 2962232648?
6
What is the tens digit of 294622398?
9
What is the ten millions digit of 406105357?
0
What is the ten millions digit of 52870953?
5
What is the ten thousands digit of 78199810?
9
What is the thousands digit of 20699400?
9
What is the thousands digit of 10802254?
2
What is the units digit of 404410174?
4
What is the hundreds digit of 37124347?
3
What is the millions digit of 211517373?
1
What is the hundred millions digit of 456381342?
4
What is the hundred thousands digit of 4372583?
3
What is the ten thousands digit of 179197?
7
What is the tens digit of 40292273?
7
What is the ten millions digit of 2343743743?
4
What is the ten millions digit of 308204250?
0
What is the hundreds digit of 1195530209?
2
What is the units digit of 228557131?
1
What is the thousands digit of 16897950?
7
What is the tens digit of 30213499?
9
What is the tens digit of 1049518276?
7
What is the units digit of 70833656?
6
What is the ten thousands digit of 100384846?
8
What is the millions digit of 74079708?
4
What is the hundred millions digit of 1507932595?
5
What is the thousands digit of 671858782?
8
What is the units digit of 140576363?
3
What is the tens digit of 243690153?
5
What is the ten thousands digit of 64028333?
2
What is the thousands digit of 59883356?
3
What is the thousands digit of 5325647040?
7
What is the ten thousands digit of 5083819?
8
What is the units digit of 178959076?
6
What is the hundred thousands digit of 1116664218?
6
What is the hundred thousands digit of 56823365?
8
What is the tens digit of 108128121?
2
What is the thousands digit of 4622556566?
6
What is the millions digit of 824919994?
4
What is the billions digit of 1275602497?
1
What is the tens digit of 714137873?
7
What is the ten thousands digit of 894737252?
3
What is the tens digit of 14447412?
1
What is the millions digit of 9074359?
9
What is the ten millions digit of 306682767?
0
What is the hundreds digit of 6873354546?
5
What is the units digit of 6088866?
6
What is the hundreds digit of 7578830869?
8
What is the ten thousands digit of 25078617?
7
What is the millions digit of 14993792?
4
What is the units digit of 129009965?
5
What is the hundred thousands digit of 1661096?
6
What is the billions digit of 1163807079?
1
What is the units digit of 690890904?
4
What is the hundred thousands digit of 94088228?
0
What is the hundred thousands digit of 2633841505?
8
What is the billions digit of 5122834860?
5
What is the hundred millions digit of 926839686?
9
What is the tens digit of 1821114872?
7
What is the ten millions digit of 112918472?
1
What is the tens digit of 133121585?
8
What is the tens digit of 46715105?
0
What is the units digit of 37173104?
4
What is the billions digit of 1067921490?
1
What is the units digit of 35945886?
6
What is the units digit of 91359538?
8
What is the hundred thousands digit of 29332025?
3
What is the units digit of 356785877?
7
What is the thousands digit of 49430597?
0
What is the hundreds digit of 453370504?
5
What is the thousands digit of 53145676?
5
What is the hundred thousands digit of 55741819?
7
What is the ten millions digit of 3144765578?
4
What is the ten thousands digit of 43266859?
6
What is the ten millions digit of 4190203247?
9
What is the thousands digit of 834787584?
7
What is the millions digit of 8292293?
8
What is the millions digit of 1855779318?
5
What is the hundreds digit of 1160347884?
8
What is the thousands digit of 37312004?
2
What is the ten thousands digit of 240603602?
0
What is the millions digit of 54110407?
4
What is the hundred millions digit of 643069336?
6
What is the ten thousands digit of 4504371249?
7
What is the thousands digit of 151643030?
3
What is the ten millions digit of 507841579?
0
What is the thousands digit of 1658007748?
7
What is the millions digit of 167210759?
7
What is the thousands digit of 78527855?
7
What is the ten millions digit of 257635983?
5
What is the hundred thousands digit of 25949263?
9
What is the hundred millions digit of 339725411?
3
What is the units digit of 94822084?
4
What is the hundred thousands digit of 42153952?
1
What is the units digit of 183171557?
7
What is the tens digit of 93655409?
0
What is the ten millions digit of 459638225?
5
What is the ten thousands digit of 178222685?
2
What is the hundreds digit of 44463870?
8
What is the thousands digit of 78229570?
9
What is the ten thousands digit of 7969001705?
0
What is the tens digit of 455435253?
5
What is the ten millions digit of 2974860890?
7
What is the millions digit of 6993787016?
3
What is the hundred thousands digit of 139505007?
5
What is the hundred thousands digit of 236263546?
2
What is the ten thousands digit of 1686551669?
5
What is the units digit of 492814381?
1
What is the tens digit of 1386419663?
6
What is the tens digit of 54260924?
2
What is the hundred millions digit of 875974296?
8
What is the units digit of 105263263?
3
What is the ten millions digit of 1216340325?
1
What is the tens digit of 331729500?
0
What is the ten millions digit of 19783153?
1
What is the ten millions digit of 1123069779?
2
What is the thousands digit of 1970092?
0
What is the ten thousands digit of 103037971?
3
What is the thousands digit of 45286056?
6
What is the hundred thousands digit of 2546134361?
1
What is the ten millions digit of 40344593?
4
What is the hundred millions digit of 150355773?
1
What is the thousands digit of 215149218?
9
What is the ten thousands digit of 321752646?
5
What is the tens digit of 2712120916?
1
What is the hundreds digit of 3651278?
2
What is the hundred thousands digit of 92846779?
8
What is the thousands digit of 274952824?
2
What is the units digit of 88269921?
1
What is the units digit of 1659112242?
2
What is the hundreds digit of 475570716?
7
What is the ten millions digit of 6258121257?
5
What is the ten thousands digit of 2046664441?
6
What is the units digit of 508620802?
2
What is the hundred thousands digit of 2152133389?
1
What is the hundreds digit of 3020476377?
3
What is the millions digit of 616770774?
6
What is the units digit of 1647909482?
2
What is the hundred millions digit of 350800214?
3
What is the hundreds digit of 293198894?
8
What is the millions digit of 264266235?
4
What is the hundreds digit of 2415495131?
1
What is the billions digit of 2064431259?
2
What is the hundred millions digit of 336235048?
3
What is the hundreds digit of 6198645?
6
What is the tens digit of 1773236427?
2
What is the tens digit of 55145787?
8
What is the millions digit of 138329821?
8
What is the thousands digit of 888753391?
3
What is the hundreds digit of 141451297?
2
What is the units digit of 37036411?
1
What is the thousands digit of 212254938?
4
What is the hundreds digit of 3783730394?
3
What is the millions digit of 119841423?
9
What is the thousands digit of 589198180?
8
What is the tens digit of 212755165?
6
What is the hundred millions digit of 1003250139?
0
What is the hundreds digit of 1109510190?
1
What is the units digit of 214050921?
1
What is the units digit of 220955302?
2
What is the hundred millions digit of 574850526?
5
What is the hundred millions digit of 1033479709?
0
What is the thousands digit of 2319